2150
In base 7, what is 4 + -6620460136?
-6620460132
In base 5, what is -24 - 1403410002?
-1403410031
In base 11, what is 5240022 + -1?
5240021
In base 3, what is 12022022111 + -2022011?
12020000100
In base 11, what is -3 - -3596186?
3596183
In base 5, what is -1024 - 11122223241?
-11122224320
In base 13, what is 3436c + -14a?
34222
In base 3, what is 10212102222210212 - -10?
10212102222210222
In base 3, what is -221101001 - -11001?
-221020000
In base 13, what is -76c403 + -2b?
-76c431
In base 5, what is -210131 + -1401?
-212032
In base 8, what is 146 - 1723551?
-1723403
In base 7, what is -3555 + 24343?
20455
In base 6, what is -1015112 - 233522?
-1253034
In base 15, what is -1944c1e - -35?
-1944bd9
In base 8, what is -347075557 + 24?
-347075533
In base 3, what is -211 + 12100011220112?
12100011212201
In base 9, what is -4 + 4367060?
4367055
In base 13, what is 5 - -27640a5?
27640aa
In base 10, what is -124830 + 2?
-124828
In base 3, what is 220201122120 + 1100?
220201200220
In base 5, what is -142014 - 102040?
-244104
In base 8, what is -16 - -12470052?
12470034
In base 8, what is 342067 - 315?
341552
In base 7, what is 2313235103 - -4?
2313235110
In base 3, what is -112120120000011 + -11?
-112120120000022
In base 14, what is 4 + -58a35?
-58a31
In base 3, what is 111120202001121000 - -11?
111120202001121011
In base 7, what is -135 - 1250066?
-1250234
In base 9, what is 235351620 - -3?
235351623
In base 5, what is -4433310000 + 0?
-4433310000
In base 12, what is -11b56 - 53?
-11ba9
In base 2, what is -1110011100001 - 101101100100000?
-111100000000001
In base 14, what is 45cc35d6 + -3?
45cc35d3
In base 3, what is -2111012210221 + 2211?
-2111012201010
In base 14, what is -771 - 66?
-7d7
In base 11, what is a4a3 + -18680?
-9188
In base 13, what is 744c - -180?
75cc
In base 9, what is 43382438 - 16?
43382422
In base 4, what is 110131003 - -311121?
111102130
In base 11, what is 24a4 + 4625?
7019
In base 10, what is 544 - 6445?
-5901
In base 10, what is -1297834 - 12?
-1297846
In base 3, what is 112 + -1011200111201?
-1011200111012
In base 16, what is -d40 + -1abab?
-1b8eb
In base 11, what is -31 - -10a9474?
10a9443
In base 14, what is -7683437 + 0?
-7683437
In base 11, what is -37348 + -1115?
-38462
In base 4, what is 12212 - -22123013?
22201231
In base 6, what is 112 + -3530122?
-3530010
In base 3, what is 1 + -102222202221?
-102222202220
In base 9, what is -725203 - 1?
-725204
In base 6, what is 3024525 + 123?
3025052
In base 13, what is 17c0b7 - -33?
17c11a
In base 8, what is -7563 - 2332?
-12115
In base 7, what is 2524 + -315224?
-312400
In base 7, what is -316500 + 2103?
-314364
In base 4, what is -1302 + -202222?
-210130
In base 10, what is -41 - 242177?
-242218
In base 15, what is -dcb + -25394?
-26270
In base 7, what is 2 + -335464336?
-335464334
In base 12, what is -20 + 41aab9?
41aa99
In base 6, what is -1 - -1323511420?
1323511415
In base 8, what is -117170103 - -3?
-117170100
In base 9, what is 4562642 - 10?
4562632
In base 11, what is -186 + -13757?
-13932
In base 2, what is -11 - -10010101001000010001000100?
10010101001000010001000001
In base 14, what is 767d5d8 - 4?
767d5d4
In base 14, what is -4 + -31576b4?
-31576b8
In base 12, what is -3 - -1199bab?
1199ba8
In base 14, what is 23033d + -4?
230339
In base 4, what is 320323120202323 - -10?
320323120202333
In base 13, what is 1a75 - -b35?
28aa
In base 12, what is -9886 - -2?
-9884
In base 7, what is 4331464 - 231?
4331233
In base 11, what is -3 + 9a01112?
9a0110a
In base 6, what is -31452134 + -4?
-31452142
In base 9, what is 8 - -22236854?
22236863
In base 8, what is -26410 + -240667?
-267277
In base 12, what is a38aa + -37?
a3873
In base 10, what is 5 + -347873?
-347868
In base 5, what is -42124440030 - -2?
-42124440023
In base 11, what is -21 + 499773?
499752
In base 8, what is 20 + 1625713?
1625733
In base 14, what is -16 + -1119311?
-1119327
In base 2, what is 100 - 11110110111101001001?
-11110110111101000101
In base 16, what is -1 + 2e55f0?
2e55ef
In base 8, what is -133153 + -6457?
-141632
In base 15, what is -20d2 - 1ac7?
-3ba9
In base 4, what is 113321200102 - -11?
113321200113
In base 8, what is -3646064 - 117?
-3646203
In base 3, what is -11012111210010 - 1012?
-11012111211022
In base 5, what is -11113003 - -3320?
-11104133
In base 15, what is -12 - -8dc6a?
8dc58
In base 13, what is -ab + 18122?
18044
In base 14, what is 0 + -2c8ab9?
-2c8ab9
In base 8, what is -56036 + -21435?
-77473
In base 15, what is 7c734a29 + -3?
7c734a26
In base 2, what is 110 + -101001111100111001000?
-101001111100111000010
In base 10, what is -61241 - 2434?
-63675
In base 5, what is 302124213 - 400?
302123313
In base 2, what is -10000000001 + 100000110010?
10000110001
In base 9, what is -6388236 + -5?
-6388242
In base 3, what is 1111111021102212 - 12?
1111111021102200
In base 5, what is 1040 - 2313314?
-2312224
In base 16, what is c6cd7f + 2?
c6cd81
In base 2, what is 10100001001000 - 10010001?
10011110110111
In base 11, what is -186 - -12a16?
12840
In base 9, what is -11 - -2208612?
2208601
In base 15, what is -3deb70 + -2?
-3deb72
In base 15, what is 0 + -3a8dcd2?
-3a8dcd2
In base 7, what is 50102 - -20553?
100655
In base 9, what is 20161531 + 0?
20161531
In base 7, what is 10141531430 + -5?
10141531422
In base 10, what is -14063 - 59727?
-73790
In base 3, what is 1001112020112022 - 1?
1001112020112021
In base 6, what is -224113052 - -3?
-224113045
In base 12, what is 41a42b4 - 4?
41a42b0
In base 2, what is -101001011001100101010100111 - 1?
-101001011001100101010101000
In base 11, what is -740 - 23670?
-24300
In base 7, what is -1 + 102255441?
102255440
In base 10, what is -245476 + 348?
-245128
In base 3, what is 11012120110110111 - -11?
11012120110110122
In base 15, what is 137a15 + -294?
137771
In base 8, what is -120266201 + -4?
-120266205
In base 12, what is -1110920 - 6?
-1110926
In base 8, what is -101 + -232737?
-233040
In base 8, what is -251163 + -64?
-251247
In base 16, what is -9 + 5b86aa?
5b86a1
In base 5, what is -4112 - 2013132?
-2022244
In base 13, what is 0 - 1553874?
-1553874
In base 2, what is -10010101111100000100101111 - -101?
-10010101111100000100101010
In base 12, what is -206a8b9 + -5?
-206a902
In base 13, what is -46 - 2201c?
-22065
In base 9, what is -3057533 - -343?
-3057180
In base 3, what is -12211 - 200021101020?
-200021121001
In base 4, what is -222 - 311233313?
-311300201
In base 3, what is -100022210112020 - 100?
-100022210112120
In base 9, what is -7372787331 - 2?
-7372787333
In base 7, what is 0 + -325334463?
-325334463
In base 14, what is -340bda - -37?
-340ba3
In base 9, what is -6756444 + 31?
-6756413
In base 13, what is -3 - 21b83193?
-21b83196
In base 7, what is -5 + 302403550?
302403542
In base 16, what is -3 + -100d2c0?
-100d2c3
In base 14, what is 30 + 191a8?
191d8
In base 9, what is -2533 - 48504?
-52137
In base 10, what is 3 + -8510144?
-8510141
In base 9, what is -482630 + -145?
-482775
In base 4, what is 11232320 - -11003?
11303323
In base 3, what is 12211112010202100 + 21?
12211112010202121
In base 13, what is -13129 - -47?
-130b2
In base 14, what is -629090b + -1?
-629090c
In base 4, what is 1033 + -12111331001?
-12111323302
In base 2, what is 10 - 1101000011010011111011?
-1101000011010011111001
In base 7, what is 1540 - -1062525?
1064365
In base 4, what is -1022330111301 - 0?
-1022330111301
In base 2, what is 10101110111000100100001000 - 1?
10101110111000100100000111
In base 11, what is 82a63648 + 0?
82a63648
In base 8, what is 16 + -1661361?
-1661343
In base 8, what is -102132 + -1406?
-103540
In base 14, what is -a28 - -bc2?
198
In base 9, what is 133520 - -23?
133543
In base 2, what is -10011100100 - -101000001001?
10100100101
In base 13, what is 1687 + -5a01?
-4347
In base 4, what is 123103 + 13232000?
20021103
In base 13, what is 7 - -29bb221?
29bb228
In base 11, what is -39924 + -4113?
-42a37
In base 2, what is 11 - -110011100000010101001111000?
110011100000010101001111011
In base 8, what is -1646 + 42555?
40707
In base 15, what is -1130 - 1c1ce?
-1d30e
In base 9, what is 462618 - 7?
462611
In base 9, what is 31427174 - 4?
31427170
In base 6, what is -350352425 + 11?
-350352414
In base 13, what is -9 - -1b9c6cb?
1b9c6c2
In base 10, what